{"id":394,"date":"2024-08-30T14:52:37","date_gmt":"2024-08-30T12:52:37","guid":{"rendered":"https:\/\/letourneauchantourneur.micr0lab.org\/?page_id=394"},"modified":"2024-09-08T21:40:32","modified_gmt":"2024-09-08T19:40:32","slug":"horloges","status":"publish","type":"page","link":"https:\/\/letourneauchantourneur.micr0lab.org\/?page_id=394","title":{"rendered":"Horloges"},"content":{"rendered":"\n<p><strong>Autant en emporte le temps<\/strong><\/p>\n\n\n\n<p>Horloge en noyer, loupe de peuplier, pommier &#8211; contre-parement en noyer, b\u00e2ti en fr\u00eane massif. 28cmx27cm. Pi\u00e8ce unique &#8211; 350 euros<\/p>\n\n\n\n<figure class=\"wp-block-image size-large\"><img loading=\"lazy\" decoding=\"async\" width=\"1024\" height=\"680\" src=\"https:\/\/letourneauchantourneur.micr0lab.org\/wp-content\/uploads\/2024\/08\/DSC_0678copie-1024x680.jpg\" alt=\"\" class=\"wp-image-395\" srcset=\"https:\/\/letourneauchantourneur.micr0lab.org\/wp-content\/uploads\/2024\/08\/DSC_0678copie-1024x680.jpg 1024w, https:\/\/letourneauchantourneur.micr0lab.org\/wp-content\/uploads\/2024\/08\/DSC_0678copie-300x199.jpg 300w, https:\/\/letourneauchantourneur.micr0lab.org\/wp-content\/uploads\/2024\/08\/DSC_0678copie-768x510.jpg 768w, https:\/\/letourneauchantourneur.micr0lab.org\/wp-content\/uploads\/2024\/08\/DSC_0678copie-1536x1020.jpg 1536w, https:\/\/letourneauchantourneur.micr0lab.org\/wp-content\/uploads\/2024\/08\/DSC_0678copie-2048x1360.jpg 2048w, https:\/\/letourneauchantourneur.micr0lab.org\/wp-content\/uploads\/2024\/08\/DSC_0678copie-1170x777.jpg 1170w\" sizes=\"auto, (max-width: 1024px) 100vw, 1024px\" \/><\/figure>\n\n\n\n<p><\/p>\n\n\n\n<p><strong>Mezcal<\/strong> &#8211; Horloge en ziricote et padouk &#8211; contre-parement en fr\u00eane, b\u00e2ti en fr\u00eane massif. 39cmx27cm. Pi\u00e8ce unique. R\u00e9serv\u00e9.<\/p>\n\n\n\n<figure class=\"wp-block-image size-large\"><img loading=\"lazy\" decoding=\"async\" width=\"1024\" height=\"737\" src=\"https:\/\/letourneauchantourneur.micr0lab.org\/wp-content\/uploads\/2024\/08\/DSC_0676copie-1024x737.jpg\" alt=\"\" class=\"wp-image-396\" srcset=\"https:\/\/letourneauchantourneur.micr0lab.org\/wp-content\/uploads\/2024\/08\/DSC_0676copie-1024x737.jpg 1024w, https:\/\/letourneauchantourneur.micr0lab.org\/wp-content\/uploads\/2024\/08\/DSC_0676copie-300x216.jpg 300w, https:\/\/letourneauchantourneur.micr0lab.org\/wp-content\/uploads\/2024\/08\/DSC_0676copie-768x553.jpg 768w, https:\/\/letourneauchantourneur.micr0lab.org\/wp-content\/uploads\/2024\/08\/DSC_0676copie-1536x1105.jpg 1536w, https:\/\/letourneauchantourneur.micr0lab.org\/wp-content\/uploads\/2024\/08\/DSC_0676copie-2048x1474.jpg 2048w, https:\/\/letourneauchantourneur.micr0lab.org\/wp-content\/uploads\/2024\/08\/DSC_0676copie-1170x842.jpg 1170w\" sizes=\"auto, (max-width: 1024px) 100vw, 1024px\" \/><\/figure>\n","protected":false},"excerpt":{"rendered":"<p>Autant en emporte le temps Horloge en noyer, loupe de peuplier, pommier &#8211; contre-parement en noyer, b\u00e2ti en fr\u00eane massif. 28cmx27cm. Pi\u00e8ce unique &#8211; 350 euros Mezcal &#8211; Horloge en ziricote et padouk &#8211; contre-parement en fr\u00eane, b\u00e2ti en fr\u00eane massif. 39cmx27cm. Pi\u00e8ce unique. R\u00e9serv\u00e9.<\/p>\n","protected":false},"author":2,"featured_media":0,"parent":0,"menu_order":0,"comment_status":"closed","ping_status":"closed","template":"","meta":{"footnotes":""},"class_list":["post-394","page","type-page","status-publish","hentry"],"_links":{"self":[{"href":"https:\/\/letourneauchantourneur.micr0lab.org\/index.php?rest_route=\/wp\/v2\/pages\/394","targetHints":{"allow":["GET"]}}],"collection":[{"href":"https:\/\/letourneauchantourneur.micr0lab.org\/index.php?rest_route=\/wp\/v2\/pages"}],"about":[{"href":"https:\/\/letourneauchantourneur.micr0lab.org\/index.php?rest_route=\/wp\/v2\/types\/page"}],"author":[{"embeddable":true,"href":"https:\/\/letourneauchantourneur.micr0lab.org\/index.php?rest_route=\/wp\/v2\/users\/2"}],"replies":[{"embeddable":true,"href":"https:\/\/letourneauchantourneur.micr0lab.org\/index.php?rest_route=%2Fwp%2Fv2%2Fcomments&post=394"}],"version-history":[{"count":3,"href":"https:\/\/letourneauchantourneur.micr0lab.org\/index.php?rest_route=\/wp\/v2\/pages\/394\/revisions"}],"predecessor-version":[{"id":402,"href":"https:\/\/letourneauchantourneur.micr0lab.org\/index.php?rest_route=\/wp\/v2\/pages\/394\/revisions\/402"}],"wp:attachment":[{"href":"https:\/\/letourneauchantourneur.micr0lab.org\/index.php?rest_route=%2Fwp%2Fv2%2Fmedia&parent=394"}],"curies":[{"name":"wp","href":"https:\/\/api.w.org\/{rel}","templated":true}]}}