{"id":284,"date":"2024-02-26T17:09:51","date_gmt":"2024-02-26T16:09:51","guid":{"rendered":"https:\/\/letourneauchantourneur.micr0lab.org\/?page_id=284"},"modified":"2024-12-17T09:41:12","modified_gmt":"2024-12-17T08:41:12","slug":"sous-bocks","status":"publish","type":"page","link":"https:\/\/letourneauchantourneur.micr0lab.org\/?page_id=284","title":{"rendered":"sous-verres"},"content":{"rendered":"\n<p><strong>25\u20ac l&rsquo;un \/ 85\u20ac les quatre &#8211; mod\u00e8les houblon et raisin<\/strong><\/p>\n\n\n\n<p>koto bleut\u00e9, sycomore teint\u00e9 vert, teck, pommier, amarante, noyer &#8211; contre-plaqu\u00e9<\/p>\n\n\n\n<figure class=\"wp-block-image size-large\"><img loading=\"lazy\" decoding=\"async\" width=\"994\" height=\"1024\" src=\"https:\/\/letourneauchantourneur.micr0lab.org\/wp-content\/uploads\/2024\/12\/IMG_20241201_170543030_MFNR-994x1024.jpg\" alt=\"\" class=\"wp-image-416\" srcset=\"https:\/\/letourneauchantourneur.micr0lab.org\/wp-content\/uploads\/2024\/12\/IMG_20241201_170543030_MFNR-994x1024.jpg 994w, https:\/\/letourneauchantourneur.micr0lab.org\/wp-content\/uploads\/2024\/12\/IMG_20241201_170543030_MFNR-291x300.jpg 291w, https:\/\/letourneauchantourneur.micr0lab.org\/wp-content\/uploads\/2024\/12\/IMG_20241201_170543030_MFNR-768x791.jpg 768w, https:\/\/letourneauchantourneur.micr0lab.org\/wp-content\/uploads\/2024\/12\/IMG_20241201_170543030_MFNR-1491x1536.jpg 1491w, https:\/\/letourneauchantourneur.micr0lab.org\/wp-content\/uploads\/2024\/12\/IMG_20241201_170543030_MFNR-1988x2048.jpg 1988w, https:\/\/letourneauchantourneur.micr0lab.org\/wp-content\/uploads\/2024\/12\/IMG_20241201_170543030_MFNR-1170x1205.jpg 1170w\" sizes=\"auto, (max-width: 994px) 100vw, 994px\" \/><\/figure>\n\n\n\n<figure class=\"wp-block-image size-large\"><img loading=\"lazy\" decoding=\"async\" width=\"771\" height=\"1024\" src=\"https:\/\/letourneauchantourneur.micr0lab.org\/wp-content\/uploads\/2024\/12\/IMG-20241208-WA0013-771x1024.jpg\" alt=\"\" class=\"wp-image-428\" srcset=\"https:\/\/letourneauchantourneur.micr0lab.org\/wp-content\/uploads\/2024\/12\/IMG-20241208-WA0013-771x1024.jpg 771w, https:\/\/letourneauchantourneur.micr0lab.org\/wp-content\/uploads\/2024\/12\/IMG-20241208-WA0013-226x300.jpg 226w, https:\/\/letourneauchantourneur.micr0lab.org\/wp-content\/uploads\/2024\/12\/IMG-20241208-WA0013-768x1021.jpg 768w, https:\/\/letourneauchantourneur.micr0lab.org\/wp-content\/uploads\/2024\/12\/IMG-20241208-WA0013-1156x1536.jpg 1156w, https:\/\/letourneauchantourneur.micr0lab.org\/wp-content\/uploads\/2024\/12\/IMG-20241208-WA0013-1170x1555.jpg 1170w, https:\/\/letourneauchantourneur.micr0lab.org\/wp-content\/uploads\/2024\/12\/IMG-20241208-WA0013.jpg 1204w\" sizes=\"auto, (max-width: 771px) 100vw, 771px\" \/><\/figure>\n","protected":false},"excerpt":{"rendered":"<p>25\u20ac l&rsquo;un \/ 85\u20ac les quatre &#8211; mod\u00e8les houblon et raisin koto bleut\u00e9, sycomore teint\u00e9 vert, teck, pommier, amarante, noyer &#8211; contre-plaqu\u00e9<\/p>\n","protected":false},"author":2,"featured_media":285,"parent":0,"menu_order":0,"comment_status":"closed","ping_status":"closed","template":"","meta":{"footnotes":""},"class_list":["post-284","page","type-page","status-publish","has-post-thumbnail","hentry"],"_links":{"self":[{"href":"https:\/\/letourneauchantourneur.micr0lab.org\/index.php?rest_route=\/wp\/v2\/pages\/284","targetHints":{"allow":["GET"]}}],"collection":[{"href":"https:\/\/letourneauchantourneur.micr0lab.org\/index.php?rest_route=\/wp\/v2\/pages"}],"about":[{"href":"https:\/\/letourneauchantourneur.micr0lab.org\/index.php?rest_route=\/wp\/v2\/types\/page"}],"author":[{"embeddable":true,"href":"https:\/\/letourneauchantourneur.micr0lab.org\/index.php?rest_route=\/wp\/v2\/users\/2"}],"replies":[{"embeddable":true,"href":"https:\/\/letourneauchantourneur.micr0lab.org\/index.php?rest_route=%2Fwp%2Fv2%2Fcomments&post=284"}],"version-history":[{"count":7,"href":"https:\/\/letourneauchantourneur.micr0lab.org\/index.php?rest_route=\/wp\/v2\/pages\/284\/revisions"}],"predecessor-version":[{"id":430,"href":"https:\/\/letourneauchantourneur.micr0lab.org\/index.php?rest_route=\/wp\/v2\/pages\/284\/revisions\/430"}],"wp:featuredmedia":[{"embeddable":true,"href":"https:\/\/letourneauchantourneur.micr0lab.org\/index.php?rest_route=\/wp\/v2\/media\/285"}],"wp:attachment":[{"href":"https:\/\/letourneauchantourneur.micr0lab.org\/index.php?rest_route=%2Fwp%2Fv2%2Fmedia&parent=284"}],"curies":[{"name":"wp","href":"https:\/\/api.w.org\/{rel}","templated":true}]}}