{"id":263,"date":"2023-12-08T16:52:16","date_gmt":"2023-12-08T15:52:16","guid":{"rendered":"https:\/\/letourneauchantourneur.micr0lab.org\/?page_id=263"},"modified":"2024-06-25T18:40:24","modified_gmt":"2024-06-25T16:40:24","slug":"restauration","status":"publish","type":"page","link":"https:\/\/letourneauchantourneur.micr0lab.org\/?page_id=263","title":{"rendered":"restauration"},"content":{"rendered":"\n<p>\u00c0 tous vos beaux objets plaqu\u00e9s ou marquet\u00e9s ab\u00eem\u00e9s, ou fatigu\u00e9s, je peux redonner un souffle de jeunesse, pour leur permettre de perdurer encore de nombreuses ann\u00e9es (si\u00e8cles).<\/p>\n\n\n\n<p>*avant<\/p>\n\n\n\n<figure class=\"wp-block-image size-full is-resized\"><img loading=\"lazy\" decoding=\"async\" width=\"768\" height=\"1024\" src=\"https:\/\/letourneauchantourneur.micr0lab.org\/wp-content\/uploads\/2024\/06\/Resized_20240119_092902.jpg\" alt=\"\" class=\"wp-image-376\" style=\"width:510px;height:auto\" srcset=\"https:\/\/letourneauchantourneur.micr0lab.org\/wp-content\/uploads\/2024\/06\/Resized_20240119_092902.jpg 768w, https:\/\/letourneauchantourneur.micr0lab.org\/wp-content\/uploads\/2024\/06\/Resized_20240119_092902-225x300.jpg 225w\" sizes=\"auto, (max-width: 768px) 100vw, 768px\" \/><\/figure>\n\n\n\n<figure class=\"wp-block-image size-full is-resized\"><img loading=\"lazy\" decoding=\"async\" width=\"768\" height=\"576\" src=\"https:\/\/letourneauchantourneur.micr0lab.org\/wp-content\/uploads\/2024\/06\/Resized_20240119_092919.jpg\" alt=\"\" class=\"wp-image-378\" style=\"width:572px;height:auto\" srcset=\"https:\/\/letourneauchantourneur.micr0lab.org\/wp-content\/uploads\/2024\/06\/Resized_20240119_092919.jpg 768w, https:\/\/letourneauchantourneur.micr0lab.org\/wp-content\/uploads\/2024\/06\/Resized_20240119_092919-300x225.jpg 300w\" sizes=\"auto, (max-width: 768px) 100vw, 768px\" \/><\/figure>\n\n\n\n<p>*apr\u00e8s<\/p>\n\n\n\n<figure class=\"wp-block-image size-large\"><img loading=\"lazy\" decoding=\"async\" width=\"768\" height=\"1024\" src=\"https:\/\/letourneauchantourneur.micr0lab.org\/wp-content\/uploads\/2024\/06\/20240621_140256-768x1024.jpg\" alt=\"\" class=\"wp-image-377\" srcset=\"https:\/\/letourneauchantourneur.micr0lab.org\/wp-content\/uploads\/2024\/06\/20240621_140256-768x1024.jpg 768w, https:\/\/letourneauchantourneur.micr0lab.org\/wp-content\/uploads\/2024\/06\/20240621_140256-225x300.jpg 225w, https:\/\/letourneauchantourneur.micr0lab.org\/wp-content\/uploads\/2024\/06\/20240621_140256-1152x1536.jpg 1152w, https:\/\/letourneauchantourneur.micr0lab.org\/wp-content\/uploads\/2024\/06\/20240621_140256-1536x2048.jpg 1536w, https:\/\/letourneauchantourneur.micr0lab.org\/wp-content\/uploads\/2024\/06\/20240621_140256-1170x1560.jpg 1170w, https:\/\/letourneauchantourneur.micr0lab.org\/wp-content\/uploads\/2024\/06\/20240621_140256-scaled.jpg 1920w\" sizes=\"auto, (max-width: 768px) 100vw, 768px\" \/><\/figure>\n\n\n\n<figure class=\"wp-block-image size-large is-resized\"><img loading=\"lazy\" decoding=\"async\" width=\"768\" height=\"1024\" src=\"https:\/\/letourneauchantourneur.micr0lab.org\/wp-content\/uploads\/2024\/06\/20240621_140326-768x1024.jpg\" alt=\"\" class=\"wp-image-379\" style=\"width:518px;height:auto\" srcset=\"https:\/\/letourneauchantourneur.micr0lab.org\/wp-content\/uploads\/2024\/06\/20240621_140326-768x1024.jpg 768w, https:\/\/letourneauchantourneur.micr0lab.org\/wp-content\/uploads\/2024\/06\/20240621_140326-225x300.jpg 225w, https:\/\/letourneauchantourneur.micr0lab.org\/wp-content\/uploads\/2024\/06\/20240621_140326-1152x1536.jpg 1152w, https:\/\/letourneauchantourneur.micr0lab.org\/wp-content\/uploads\/2024\/06\/20240621_140326-1536x2048.jpg 1536w, https:\/\/letourneauchantourneur.micr0lab.org\/wp-content\/uploads\/2024\/06\/20240621_140326-1170x1560.jpg 1170w, https:\/\/letourneauchantourneur.micr0lab.org\/wp-content\/uploads\/2024\/06\/20240621_140326-scaled.jpg 1920w\" sizes=\"auto, (max-width: 768px) 100vw, 768px\" \/><\/figure>\n\n\n\n<figure class=\"wp-block-image size-large is-resized\"><img loading=\"lazy\" decoding=\"async\" width=\"702\" height=\"1024\" src=\"https:\/\/letourneauchantourneur.micr0lab.org\/wp-content\/uploads\/2023\/12\/IMG_20230926_141943-1-702x1024.jpg\" alt=\"\" class=\"wp-image-265\" style=\"width:426px;height:auto\" srcset=\"https:\/\/letourneauchantourneur.micr0lab.org\/wp-content\/uploads\/2023\/12\/IMG_20230926_141943-1-702x1024.jpg 702w, https:\/\/letourneauchantourneur.micr0lab.org\/wp-content\/uploads\/2023\/12\/IMG_20230926_141943-1-206x300.jpg 206w, https:\/\/letourneauchantourneur.micr0lab.org\/wp-content\/uploads\/2023\/12\/IMG_20230926_141943-1-768x1121.jpg 768w, https:\/\/letourneauchantourneur.micr0lab.org\/wp-content\/uploads\/2023\/12\/IMG_20230926_141943-1-1053x1536.jpg 1053w, https:\/\/letourneauchantourneur.micr0lab.org\/wp-content\/uploads\/2023\/12\/IMG_20230926_141943-1-1404x2048.jpg 1404w, https:\/\/letourneauchantourneur.micr0lab.org\/wp-content\/uploads\/2023\/12\/IMG_20230926_141943-1-1170x1707.jpg 1170w, https:\/\/letourneauchantourneur.micr0lab.org\/wp-content\/uploads\/2023\/12\/IMG_20230926_141943-1-scaled.jpg 1754w\" sizes=\"auto, (max-width: 702px) 100vw, 702px\" \/><\/figure>\n\n\n\n<figure class=\"wp-block-image size-large is-resized\"><img loading=\"lazy\" decoding=\"async\" width=\"937\" height=\"1024\" src=\"https:\/\/letourneauchantourneur.micr0lab.org\/wp-content\/uploads\/2023\/12\/IMG_20230926_141806-937x1024.jpg\" alt=\"\" class=\"wp-image-266\" style=\"width:434px;height:auto\" srcset=\"https:\/\/letourneauchantourneur.micr0lab.org\/wp-content\/uploads\/2023\/12\/IMG_20230926_141806-937x1024.jpg 937w, https:\/\/letourneauchantourneur.micr0lab.org\/wp-content\/uploads\/2023\/12\/IMG_20230926_141806-275x300.jpg 275w, https:\/\/letourneauchantourneur.micr0lab.org\/wp-content\/uploads\/2023\/12\/IMG_20230926_141806-768x839.jpg 768w, https:\/\/letourneauchantourneur.micr0lab.org\/wp-content\/uploads\/2023\/12\/IMG_20230926_141806-1406x1536.jpg 1406w, https:\/\/letourneauchantourneur.micr0lab.org\/wp-content\/uploads\/2023\/12\/IMG_20230926_141806-1875x2048.jpg 1875w, https:\/\/letourneauchantourneur.micr0lab.org\/wp-content\/uploads\/2023\/12\/IMG_20230926_141806-1170x1278.jpg 1170w, https:\/\/letourneauchantourneur.micr0lab.org\/wp-content\/uploads\/2023\/12\/IMG_20230926_141806.jpg 2037w\" sizes=\"auto, (max-width: 937px) 100vw, 937px\" \/><\/figure>\n","protected":false},"excerpt":{"rendered":"<p>\u00c0 tous vos beaux objets plaqu\u00e9s ou marquet\u00e9s ab\u00eem\u00e9s, ou fatigu\u00e9s, je peux redonner un souffle de jeunesse, pour leur permettre de perdurer encore de nombreuses ann\u00e9es (si\u00e8cles). *avant *apr\u00e8s<\/p>\n","protected":false},"author":2,"featured_media":0,"parent":0,"menu_order":0,"comment_status":"closed","ping_status":"closed","template":"","meta":{"footnotes":""},"class_list":["post-263","page","type-page","status-publish","hentry"],"_links":{"self":[{"href":"https:\/\/letourneauchantourneur.micr0lab.org\/index.php?rest_route=\/wp\/v2\/pages\/263","targetHints":{"allow":["GET"]}}],"collection":[{"href":"https:\/\/letourneauchantourneur.micr0lab.org\/index.php?rest_route=\/wp\/v2\/pages"}],"about":[{"href":"https:\/\/letourneauchantourneur.micr0lab.org\/index.php?rest_route=\/wp\/v2\/types\/page"}],"author":[{"embeddable":true,"href":"https:\/\/letourneauchantourneur.micr0lab.org\/index.php?rest_route=\/wp\/v2\/users\/2"}],"replies":[{"embeddable":true,"href":"https:\/\/letourneauchantourneur.micr0lab.org\/index.php?rest_route=%2Fwp%2Fv2%2Fcomments&post=263"}],"version-history":[{"count":4,"href":"https:\/\/letourneauchantourneur.micr0lab.org\/index.php?rest_route=\/wp\/v2\/pages\/263\/revisions"}],"predecessor-version":[{"id":381,"href":"https:\/\/letourneauchantourneur.micr0lab.org\/index.php?rest_route=\/wp\/v2\/pages\/263\/revisions\/381"}],"wp:attachment":[{"href":"https:\/\/letourneauchantourneur.micr0lab.org\/index.php?rest_route=%2Fwp%2Fv2%2Fmedia&parent=263"}],"curies":[{"name":"wp","href":"https:\/\/api.w.org\/{rel}","templated":true}]}}