{"id":163,"date":"2023-11-08T14:33:06","date_gmt":"2023-11-08T13:33:06","guid":{"rendered":"https:\/\/letourneauchantourneur.micr0lab.org\/?page_id=163"},"modified":"2024-12-02T21:33:34","modified_gmt":"2024-12-02T20:33:34","slug":"boucles-doreille","status":"publish","type":"page","link":"https:\/\/letourneauchantourneur.micr0lab.org\/?page_id=163","title":{"rendered":"Boucles d&rsquo;oreille"},"content":{"rendered":"\n<p>Boucles d&rsquo;oreilles sp\u00e9ciales \u00ab\u00a0L&rsquo;Herbier de Kerscot\u00a0\u00bb &#8211; en placages assembl\u00e9s de sycomores teint\u00e9s bleu\/ch\u00eane des marais<\/p>\n\n\n\n<p>20\u20ac<\/p>\n\n\n\n<figure class=\"wp-block-image size-large is-resized\"><img loading=\"lazy\" decoding=\"async\" width=\"755\" height=\"1024\" src=\"https:\/\/letourneauchantourneur.micr0lab.org\/wp-content\/uploads\/2024\/03\/DSC_0390-755x1024.jpg\" alt=\"\" class=\"wp-image-344\" style=\"width:347px;height:auto\" srcset=\"https:\/\/letourneauchantourneur.micr0lab.org\/wp-content\/uploads\/2024\/03\/DSC_0390-755x1024.jpg 755w, https:\/\/letourneauchantourneur.micr0lab.org\/wp-content\/uploads\/2024\/03\/DSC_0390-221x300.jpg 221w, https:\/\/letourneauchantourneur.micr0lab.org\/wp-content\/uploads\/2024\/03\/DSC_0390-768x1042.jpg 768w, https:\/\/letourneauchantourneur.micr0lab.org\/wp-content\/uploads\/2024\/03\/DSC_0390-1133x1536.jpg 1133w, https:\/\/letourneauchantourneur.micr0lab.org\/wp-content\/uploads\/2024\/03\/DSC_0390-1510x2048.jpg 1510w, https:\/\/letourneauchantourneur.micr0lab.org\/wp-content\/uploads\/2024\/03\/DSC_0390-1170x1587.jpg 1170w, https:\/\/letourneauchantourneur.micr0lab.org\/wp-content\/uploads\/2024\/03\/DSC_0390-scaled.jpg 1888w\" sizes=\"auto, (max-width: 755px) 100vw, 755px\" \/><\/figure>\n\n\n\n<figure class=\"wp-block-image size-large is-resized\"><img loading=\"lazy\" decoding=\"async\" width=\"671\" height=\"1024\" src=\"https:\/\/letourneauchantourneur.micr0lab.org\/wp-content\/uploads\/2024\/03\/DSC_0385-671x1024.jpg\" alt=\"\" class=\"wp-image-345\" style=\"width:391px;height:auto\" srcset=\"https:\/\/letourneauchantourneur.micr0lab.org\/wp-content\/uploads\/2024\/03\/DSC_0385-671x1024.jpg 671w, https:\/\/letourneauchantourneur.micr0lab.org\/wp-content\/uploads\/2024\/03\/DSC_0385-197x300.jpg 197w, https:\/\/letourneauchantourneur.micr0lab.org\/wp-content\/uploads\/2024\/03\/DSC_0385-768x1172.jpg 768w, https:\/\/letourneauchantourneur.micr0lab.org\/wp-content\/uploads\/2024\/03\/DSC_0385-1007x1536.jpg 1007w, https:\/\/letourneauchantourneur.micr0lab.org\/wp-content\/uploads\/2024\/03\/DSC_0385-1170x1785.jpg 1170w, https:\/\/letourneauchantourneur.micr0lab.org\/wp-content\/uploads\/2024\/03\/DSC_0385.jpg 1301w\" sizes=\"auto, (max-width: 671px) 100vw, 671px\" \/><\/figure>\n\n\n\n<p><\/p>\n\n\n\n<p>toutes formes confondues &#8211; inspiration japonaise, am\u00e9rindienne ou v\u00e9g\u00e9tale&#8230; &#8211; 20\u20ac<\/p>\n\n\n\n<figure class=\"wp-block-image size-large\"><img loading=\"lazy\" decoding=\"async\" width=\"1024\" height=\"771\" src=\"https:\/\/letourneauchantourneur.micr0lab.org\/wp-content\/uploads\/2024\/12\/IMG_20241201_170552237_MFNR-1024x771.jpg\" alt=\"\" class=\"wp-image-412\" srcset=\"https:\/\/letourneauchantourneur.micr0lab.org\/wp-content\/uploads\/2024\/12\/IMG_20241201_170552237_MFNR-1024x771.jpg 1024w, https:\/\/letourneauchantourneur.micr0lab.org\/wp-content\/uploads\/2024\/12\/IMG_20241201_170552237_MFNR-300x226.jpg 300w, https:\/\/letourneauchantourneur.micr0lab.org\/wp-content\/uploads\/2024\/12\/IMG_20241201_170552237_MFNR-768x578.jpg 768w, https:\/\/letourneauchantourneur.micr0lab.org\/wp-content\/uploads\/2024\/12\/IMG_20241201_170552237_MFNR-1536x1157.jpg 1536w, https:\/\/letourneauchantourneur.micr0lab.org\/wp-content\/uploads\/2024\/12\/IMG_20241201_170552237_MFNR-2048x1542.jpg 2048w, https:\/\/letourneauchantourneur.micr0lab.org\/wp-content\/uploads\/2024\/12\/IMG_20241201_170552237_MFNR-1170x881.jpg 1170w\" sizes=\"auto, (max-width: 1024px) 100vw, 1024px\" \/><\/figure>\n","protected":false},"excerpt":{"rendered":"<p>Boucles d&rsquo;oreilles sp\u00e9ciales \u00ab\u00a0L&rsquo;Herbier de Kerscot\u00a0\u00bb &#8211; en placages assembl\u00e9s de sycomores teint\u00e9s bleu\/ch\u00eane des marais 20\u20ac toutes formes confondues &#8211; inspiration japonaise, am\u00e9rindienne ou v\u00e9g\u00e9tale&#8230; &#8211; 20\u20ac<\/p>\n","protected":false},"author":2,"featured_media":0,"parent":0,"menu_order":0,"comment_status":"closed","ping_status":"closed","template":"","meta":{"footnotes":""},"class_list":["post-163","page","type-page","status-publish","hentry"],"_links":{"self":[{"href":"https:\/\/letourneauchantourneur.micr0lab.org\/index.php?rest_route=\/wp\/v2\/pages\/163","targetHints":{"allow":["GET"]}}],"collection":[{"href":"https:\/\/letourneauchantourneur.micr0lab.org\/index.php?rest_route=\/wp\/v2\/pages"}],"about":[{"href":"https:\/\/letourneauchantourneur.micr0lab.org\/index.php?rest_route=\/wp\/v2\/types\/page"}],"author":[{"embeddable":true,"href":"https:\/\/letourneauchantourneur.micr0lab.org\/index.php?rest_route=\/wp\/v2\/users\/2"}],"replies":[{"embeddable":true,"href":"https:\/\/letourneauchantourneur.micr0lab.org\/index.php?rest_route=%2Fwp%2Fv2%2Fcomments&post=163"}],"version-history":[{"count":6,"href":"https:\/\/letourneauchantourneur.micr0lab.org\/index.php?rest_route=\/wp\/v2\/pages\/163\/revisions"}],"predecessor-version":[{"id":413,"href":"https:\/\/letourneauchantourneur.micr0lab.org\/index.php?rest_route=\/wp\/v2\/pages\/163\/revisions\/413"}],"wp:attachment":[{"href":"https:\/\/letourneauchantourneur.micr0lab.org\/index.php?rest_route=%2Fwp%2Fv2%2Fmedia&parent=163"}],"curies":[{"name":"wp","href":"https:\/\/api.w.org\/{rel}","templated":true}]}}